inder when 37 is divided by n(-6).
7
Let m = -15 - -36. Let l = 19 + -7. What is the remainder when m is divided by l?
9
Let k(z) = -z**2 + 5*z + 6. Let g be k(5). Suppose 5*j = -2*d - g, 0 = -3*d - 3*j + 7*j + 14. Let m = 5 - 3. Calculate the remainder when m is divided by d.
0
Let c = 8 + -24. Let r = -4 - c. Let m = r - 4. What is the remainder when m is divided by 3?
2
Suppose -4*u + 78 = -3*u. Calculate the remainder when u is divided by 9.
6
Suppose -2*s + 93 - 9 = 0. Suppose i + 2*i = s. What is the remainder when 53 is divided by i?
11
Suppose -y - y = -3*v - 39, -3*y + 46 = -2*v. What is the remainder when 33 is divided by y?
9
Let v = 12 + -7. Suppose 8 = 4*m - q - 0*q, 23 = v*m + 2*q. Suppose -m*g - 2*g + 86 = -3*u, 0 = g + 4*u - 8. What is the remainder when g is divided by 6?
4
Let x(d) = -d**3 + 9*d**2 + 2*d - 1. What is the remainder when 49 is divided by x(9)?
15
Let i = 7 + -2. Let x(a) = a**3 + 7*a**2 + 5*a - 3. Let n be x(-6). Suppose 40 = 5*r - i*z, n*r - 2 - 28 = z. Calculate the remainder when 42 is divided by r.
9
Let c be (-8)/(-140)*5*7. Suppose 2*k - c*i + 0 = 8, -12 = -3*k - 2*i. Let s(g) = g**3 + 5*g**2 + 2*g + 3. Calculate the remainder when s(-4) is divided by k.
3
Let j = 8 + -5. Suppose 50 + 10 = j*z. Calculate the remainder when z is divided by 7.
6
Suppose 4*k = 5*c - 64, -7 = -0*c - c - 5*k. Let m(g) = 18*g - 1. What is the remainder when m(2) is divided by c?
11
Suppose 3*n - 24 = -6. Suppose 0 = -2*m, x - 8 - n = 3*m. What is the remainder when 41 is divided by x?
13
Let t(n) = n - 6. What is the remainder when 29 is divided by t(21)?
14
Let g = -12 - 24. Let n = 58 + g. Calculate the remainder when n is divided by 4.
2
Suppose 0 = 2*q - 5 - 1. Suppose -3*z + 3*u = u - 19, 6 = -3*u. Suppose z*c - 3*c = 10. Calculate the remainder when c is divided by q.
2
Let h(a) = a**2 + 42*a + 164. Let v(o) be the second derivative of o**3/3 + 3*o**2 - o. What is the remainder when h(-39) is divided by v(5)?
15
Let z be ((-2)/4)/((-2)/(-8)). Let x = z + 4. What is the remainder when ((-27)/x - -1)*-2 is divided by 13?
12
Let q = -145 - -147. Suppose 0 = -4*d + 30 - 110. What is the remainder when 12/(-10)*d/6 is divided by q?
0
Let d(j) = j**3 + 6*j**2 + 3*j + 1. Let l(u) = 2*u**2 - 9*u - 6. Let v be l(7). Suppose -4*h + v = -99. What is the remainder when h is divided by d(-5)?
10
Let l(z) = 3*z**2 - 13*z - 5. Calculate the remainder when l(7) is divided by 31.
20
Let v = -17 - -21. Let j = 5 + -1. Suppose -j = -3*c - 5*g, -2*g + 2 = -c - 7*g. Calculate the remainder when v is divided by c.
1
Suppose 11*s - 664 = 898. What is the remainder when s is divided by 29?
26
Suppose 5*h = -5*k + 110, -k - 4*h + 4 + 12 = 0. Suppose 3*j = 16 + 14. Suppose j = -2*g + 36. Calculate the remainder when k is divided by g.
11
Calculate the remainder when 105 is divided by 24 - (2 + -3 + -2).
24
Suppose -4*w + 7*w = 33. Calculate the remainder when 18 is divided by w.
7
Suppose 262 = -2*c + 6*c + 5*g, 344 = 5*c - 2*g. What is the remainder when c is divided by 18?
14
Suppose -24 - 6 = -2*z. Suppose -17*n + 27 = -14*n. Calculate the remainder when z is divided by n.
6
Let n(z) = z**3 - 7*z**2 - z + 7. Let d be n(7). Let b = d + -1. Let k = 2 + b. Calculate the remainder when 1 is divided by k.
0
Let i be (-2)/3 + 258/(-18). Let z = i + 37. Calculate the remainder when 85 is divided by z.
19
Let s = -4 + 6. Suppose 0 = s*t - 33 + 5. Suppose 0 = -2*p + 5*l + 23 + 29, 4*p + 5*l = 104. Calculate the remainder when p is divided by t.
12
Suppose 3*t = -4*w + 68, -23*t + 36 = 2*w - 21*t. Let p(y) = -56*y - 1. Calculate the remainder when p(-1) is divided by w.
13
Let b(n) = 2 + 8*n - 4*n + 3*n**2 - 7*n**2 + 14*n**2. Calculate the remainder when b(-2) is divided by 9.
7
Let c(s) = -12*s + 6. Suppose 27 - 7 = 5*q. Let w be c(q). Let k = -27 - w. Calculate the remainder when 43 is divided by k.
13
Let g = -107 - -126. Suppose -y = -105 + 30. What is the remainder when y is divided by g?
18
Let b(d) = -5*d - 4. Let s be b(-3). Suppose f = -0*f + s. Let j(q) = q**3 + 12*q**2 + 7*q - 12. What is the remainder when j(-11) is divided by f?
10
Let m(g) = -5*g. Let h be m(5). Let n = -2 - h. What is the remainder when n is divided by 13?
10
Suppose 4*l = -2*i + 5*i + 752, 3*l = -3*i + 543. Let q = l - 130. What is the remainder when q is divided by 28?
27
Suppose 0 = 3*n + 3, -4*o + n - 3*n + 54 = 0. Let b = 72 + -31. Calculate the remainder when b is divided by o.
13
Suppose -o + 5 = i - 2, 35 = 4*i - 3*o. Let k(c) = c**2 - 2*c - 6. What is the remainder when k(i) is divided by 15?
12
Let c(y) = -y**2 - 8*y - 6. Let w = -5 + 4. Let b = w + -6. Calculate the remainder when 2 is divided by c(b).
0
Let i be (0 - (-9)/3)/1. Suppose i*m + 23 = 5*s, -4*m + 4*s + 0*s = 28. Let y(a) = a**3 + 7*a**2 + 5*a + 6. Calculate the remainder when 35 is divided by y(m).
11
Suppose 0 = -2*y - 4*g + 34, 2*g = 4*y - 21 - 57. Suppose -2*x = 2*s + 2*s - 84, 210 = 5*x - 3*s. Calculate the remainder when x + -3 + 6/(-3) is divided by y.
18
Let w(s) = 3*s - 7. Let j be w(5). Let a(u) = 3*u - 5. Let m be a(j). Let q = m + -10. Calculate the remainder when 25 is divided by q.
7
Let w = 40 - 18. What is the remainder when 64 is divided by w?
20
Let u be (0 - 8) + (-9 - -13). Suppose 0 = 2*w - 28 - 44. Calculate the remainder when w is divided by 22 - (-2 - (u + -1)).
17
Let y(v) = v**3 + 4*v**2 - 4*v + 4. Let w be y(-5). Let g = w + 22. What is the remainder when 83 is divided by g?
20
What is the remainder when 5*(-12)/(-30) + 123 is divided by 18?
17
Let z = 1 - 16. Calculate the remainder when ((-78)/z)/(4/40) is divided by 18.
16
Let d = 3 - -8. What is the remainder when 39 is divided by d?
6
Suppose -6*g + 1149 = 15. Calculate the remainder when g is divided by 16.
13
Let a be 609/35 - (-4)/(-10). Suppose -5*s + 10 = 0, 6*u = u + 4*s + a. Let y = 12 + -3. Calculate the remainder when y is divided by u.
4
Suppose 0*y + 5*y = 135. Calculate the remainder when 132 is divided by y.
24
Let z = -6 - -4. What is the remainder when 44 is divided by 4/z - -1 - -24?
21
Let b(u) be the first derivative of -u**3/3 + 4*u**2 + 3*u - 4. Let x be b(6). Suppose f + 1 - x = 0. Calculate the remainder when 25 is divided by f.
11
Let b(f) = f**3 - 9*f**2 + 10*f - 10. Let c be 31/4 - (-5)/20. Suppose -2*r - 3*i + 17 = -3, -r = -i - 10. What is the remainder when r is divided by b(c)?
4
Suppose -2*z - 3*z = -3*j + 23, j - 2*z - 9 = 0. Let o(x) = x**3 + 6*x**2 - x - 5. Calculate the remainder when j is divided by o(-6).
0
Let v(d) = 2*d**3 - 3*d**2 - 3. Calculate the remainder when v(3) is divided by 5.
4
Suppose -3*m - m = -136. Calculate the remainder when m is divided by 9.
7
Let c(s) = 7*s. Suppose 3*j + 4*x = 6, 2*j - 8 + 4 = -5*x. What is the remainder when ((-52)/5)/(j/(-5)) is divided by c(2)?
12
Suppose 2*d + 17 = 5*g, g + 20 = 5*d + 5. Suppose -q = -g*q + 8. Let b(x) = -x - 2. Calculate the remainder when b(-6) is divided by q.
0
Let n be 1 + 42 + -3 + 3. Suppose -p - n = -2*p. Suppose 0*a + 5*w - 76 = -3*a, 30 = a + 4*w. What is the remainder when p is divided by a?
21
Suppose -5*a = 3*l - 209, -4*a + 4*l + 188 - 8 = 0. Calculate the remainder when a is divided by 15.
13
Let q be (-1 + -1)/(4/(-262)). Suppose 2*c + 2*c - 192 = -3*k, q = 3*c - k. What is the remainder when c is divided by 12?
9
Let c(j) = j**3 - 7*j**2 - 9*j + 7. Let v be c(8). Calculate the remainder when 62 is divided by (v*8)/(3/(-6)).
14
Let z(a) = 3*a. Let h be z(-5). Let v = h - -30. Suppose 5*q + 3 - 48 = 0. What is the remainder when v is divided by q?
6
Suppose 6*o - o = 0. Let h(v) = 4*v**2 - 4*v + 14. Let i(l) = 5*l**2 - 5*l + 15. Let c(z) = 4*h(z) - 3*i(z). Calculate the remainder when 32 is divided by c(o).
10
Let x = 283 - 159. Suppose 5 = -c, -5*u - 2*c = -x + 14. What is the remainder when 70 is divided by u?
22
Suppose -7 = 5*w + 2*a, 5*a - 19 = 1. Let v be (1 - -1)*w/(-6). Suppose d - v = 1. Calculate the remainder when 3 is divided by d.
1
Let c(l) = -l**2 + 16*l - 43. What is the remainder when 23 is divided by c(11)?
11
Suppose -6*j + 89 = -25. Calculate the remainder when 92 is divided by j.
16
Calculate the remainder when 11 is divided by 130/39 - 2/6.
2
Let z(q) = 4 - q + q - 2*q. Calculate th